{"id":30348,"date":"2026-02-13T10:58:09","date_gmt":"2026-02-13T07:58:09","guid":{"rendered":"https:\/\/www.fotografiska.ee\/epood\/?post_type=product&#038;p=30348"},"modified":"2026-02-13T11:13:59","modified_gmt":"2026-02-13T08:13:59","slug":"moode-en","status":"publish","type":"product","link":"https:\/\/www.fotografiska.ee\/epood\/product\/moode-en\/","title":{"rendered":"MO\u00d8De (EN)"},"content":{"rendered":"<p data-start=\"0\" data-end=\"118\">Ikoonilised portreed ja moekujutised rahvusvaheliselt tunnustatud fotograafi ja filmilooja Anton Corbijni loomingust<\/p>\n<p data-start=\"121\" data-end=\"327\">\u201eMa pildistan peamiselt isiksusi, kuid mood on \u00fcha enam selle osa. Me k\u00f5ik teeme hommikul otsuse, mida selga panna, isegi kui see on vaid m\u00fcts v\u00f5i must T-s\u00e4rk. Mood ei ole alati kirjutatud suurt\u00e4htedega.\u201c<\/p>\n<p data-start=\"329\" data-end=\"346\">\u2014 Anton Corbijn<\/p>\n<p data-start=\"349\" data-end=\"575\">MO\u00d8De, rahvusvaheliselt tunnustatud fotograafi ja filmilooja Anton Corbijni teos, koondab pilte tema ulatuslikust loomingust, milles ta uurib \u2013 s\u00f5na k\u00f5ige laiemas t\u00e4henduses \u2013 fotograafia ja moemaailma omavahelist p\u00f5imumist.<\/p>\n<p data-start=\"577\" data-end=\"995\">Corbijni portreed tuntud isikutest, sealhulgas Alexander McQueenist, Tom Waitsist, Kate Mossist, Bj\u00f6rkist ja Clint Eastwoodist, on saavutanud ikoonilise staatuse. Olles Depeche Mode\u2019i visuaalne juht ning tehes aastak\u00fcmneid kestnud koost\u00f6\u00f6d U2 ja teiste muusikutega, on ta j\u00e4tnud kustumatu j\u00e4lje sellele, kuidas me tajume \u00fcht kaasaegse kultuuri keskset valdkonda. MO\u00d8De kaudu n\u00e4itab Anton Corbijn, et mood on k\u00f5ikjal.<\/p>\n<p data-start=\"997\" data-end=\"1149\" data-is-last-node=\"\" data-is-only-node=\"\">See v\u00e4ljaanne sisaldab enam kui 150 pilti ja koost\u00f6\u00f6d Corbijni rikkalikust loomingulisest p\u00e4randist, millest paljusid pole varem avalikkusele esitletud.<\/p>\n","protected":false},"excerpt":{"rendered":"<p>Ikoonilised portreed ja moekujutised rahvusvaheliselt tunnustatud fotograafi ja filmilooja Anton Corbijni loomingust \u201eMa pildistan peamiselt isiksusi, kuid mood on \u00fcha enam selle osa. Me k\u00f5ik teeme hommikul otsuse, mida selga panna, isegi kui see on vaid m\u00fcts v\u00f5i must T-s\u00e4rk. Mood ei ole alati kirjutatud suurt\u00e4htedega.\u201c \u2014 Anton Corbijn MO\u00d8De, rahvusvaheliselt tunnustatud fotograafi ja filmilooja [&hellip;]<\/p>\n","protected":false},"featured_media":30349,"template":"","meta":{"_acf_changed":false,"inline_featured_image":false},"product_brand":[],"product_cat":[374,20,337],"product_tag":[],"class_list":{"0":"post-30348","1":"product","2":"type-product","3":"status-publish","4":"has-post-thumbnail","6":"product_cat-hetkel-naitame","7":"product_cat-raamatud","8":"product_cat-maailma-tippfotograafia","10":"first","11":"instock","12":"taxable","13":"shipping-taxable","14":"purchasable","15":"product-type-simple"},"acf":[],"_links":{"self":[{"href":"https:\/\/www.fotografiska.ee\/epood\/wp-json\/wp\/v2\/product\/30348","targetHints":{"allow":["GET"]}}],"collection":[{"href":"https:\/\/www.fotografiska.ee\/epood\/wp-json\/wp\/v2\/product"}],"about":[{"href":"https:\/\/www.fotografiska.ee\/epood\/wp-json\/wp\/v2\/types\/product"}],"wp:featuredmedia":[{"embeddable":true,"href":"https:\/\/www.fotografiska.ee\/epood\/wp-json\/wp\/v2\/media\/30349"}],"wp:attachment":[{"href":"https:\/\/www.fotografiska.ee\/epood\/wp-json\/wp\/v2\/media?parent=30348"}],"wp:term":[{"taxonomy":"product_brand","embeddable":true,"href":"https:\/\/www.fotografiska.ee\/epood\/wp-json\/wp\/v2\/product_brand?post=30348"},{"taxonomy":"product_cat","embeddable":true,"href":"https:\/\/www.fotografiska.ee\/epood\/wp-json\/wp\/v2\/product_cat?post=30348"},{"taxonomy":"product_tag","embeddable":true,"href":"https:\/\/www.fotografiska.ee\/epood\/wp-json\/wp\/v2\/product_tag?post=30348"}],"curies":[{"name":"wp","href":"https:\/\/api.w.org\/{rel}","templated":true}]}}