{"id":28369,"date":"2024-04-22T18:05:56","date_gmt":"2024-04-22T16:05:56","guid":{"rendered":"https:\/\/www.fotografiska.ee\/epood\/?post_type=product&#038;p=28369"},"modified":"2025-02-04T12:26:59","modified_gmt":"2025-02-04T10:26:59","slug":"kary-h-lasch-from-the-grand-hotel-in-stockholm-7126","status":"publish","type":"product","link":"https:\/\/fotografiska.ee\/epood\/product\/kary-h-lasch-from-the-grand-hotel-in-stockholm-7126\/","title":{"rendered":"Kary H. Lasch, From the Grand Hotel in Stockholm #7126"},"content":{"rendered":"<p>Kary H. Lasch, sotsiaalne kameeleon, kellel on ainulaadne v\u00f5ime l\u00e4heneda kuulsustele s\u00fcgavalt ja isiklikult, on j\u00e4\u00e4dvustanud Dal\u00ed ja teisi staare nii, nagu v\u00e4hesed teised seda suudavad. Fotografiska n\u00e4itusel \"Kuldsed aastad\" on Laschi silmapaistev pildikogu esmakordselt \u00fcle 30 aasta eksponeeritud. See kollektsioon sisaldab portreid mitmetest legendaarsetest isikutest, sealhulgas Brigitte Bardot'st, Pablo Picassost, Grace Kellyst, Britt Eklandist ja paljudest teistest.<\/p>\n","protected":false},"excerpt":{"rendered":"<p>Kary H. Lasch, sotsiaalne kameeleon, kellel on ainulaadne v\u00f5ime l\u00e4heneda kuulsustele s\u00fcgavalt ja isiklikult, on j\u00e4\u00e4dvustanud Dal\u00ed ja teisi staare nii, nagu v\u00e4hesed teised seda suudavad. Fotografiska n\u00e4itusel \"Kuldsed aastad\" on Laschi silmapaistev pildikogu esmakordselt \u00fcle 30 aasta eksponeeritud. See kollektsioon sisaldab portreid mitmetest legendaarsetest isikutest, sealhulgas Brigitte Bardot'st, Pablo Picassost, Grace Kellyst, Britt Eklandist [&hellip;]<\/p>\n","protected":false},"featured_media":28370,"template":"","meta":{"_acf_changed":false,"inline_featured_image":false},"product_brand":[],"product_cat":[16],"product_tag":[],"class_list":{"0":"post-28369","1":"product","2":"type-product","3":"status-publish","4":"has-post-thumbnail","6":"product_cat-postrid","8":"first","9":"instock","10":"taxable","11":"shipping-taxable","12":"purchasable","13":"product-type-simple"},"acf":[],"_links":{"self":[{"href":"https:\/\/fotografiska.ee\/epood\/wp-json\/wp\/v2\/product\/28369","targetHints":{"allow":["GET"]}}],"collection":[{"href":"https:\/\/fotografiska.ee\/epood\/wp-json\/wp\/v2\/product"}],"about":[{"href":"https:\/\/fotografiska.ee\/epood\/wp-json\/wp\/v2\/types\/product"}],"wp:featuredmedia":[{"embeddable":true,"href":"https:\/\/fotografiska.ee\/epood\/wp-json\/wp\/v2\/media\/28370"}],"wp:attachment":[{"href":"https:\/\/fotografiska.ee\/epood\/wp-json\/wp\/v2\/media?parent=28369"}],"wp:term":[{"taxonomy":"product_brand","embeddable":true,"href":"https:\/\/fotografiska.ee\/epood\/wp-json\/wp\/v2\/product_brand?post=28369"},{"taxonomy":"product_cat","embeddable":true,"href":"https:\/\/fotografiska.ee\/epood\/wp-json\/wp\/v2\/product_cat?post=28369"},{"taxonomy":"product_tag","embeddable":true,"href":"https:\/\/fotografiska.ee\/epood\/wp-json\/wp\/v2\/product_tag?post=28369"}],"curies":[{"name":"wp","href":"https:\/\/api.w.org\/{rel}","templated":true}]}}