{"id":12991,"date":"2022-12-02T22:49:42","date_gmt":"2022-12-02T20:49:42","guid":{"rendered":"https:\/\/fotografiska.ee\/epood\/?post_type=product&#038;p=12991"},"modified":"2024-12-09T13:31:33","modified_gmt":"2024-12-09T11:31:33","slug":"puidust-kandik-fotografiska-logoga-30cm","status":"publish","type":"product","link":"https:\/\/www.fotografiska.ee\/epood\/product\/puidust-kandik-fotografiska-logoga-30cm\/","title":{"rendered":"Puidust kandik Fotografiska logoga, 30cm"},"content":{"rendered":"","protected":false},"excerpt":{"rendered":"<p>Tammepuidust kandik (30cm) Fotografiska logoga kandiku \u00e4\u00e4rel.<\/p>\n<p>Peentisler Jaanus Tamme k\u00e4sit\u00f6\u00f6.<\/p>\n<p>Kasutame kandikut n\u00e4iteks restoranis kohvijookide ja suupistete serveerimisel.<\/p>\n","protected":false},"featured_media":12982,"template":"","meta":{"_acf_changed":false,"inline_featured_image":false},"product_brand":[],"product_cat":[376,378,398,309,17],"product_tag":[312,311],"class_list":{"0":"post-12991","1":"product","2":"type-product","3":"status-publish","4":"has-post-thumbnail","6":"product_cat-fotografiska-kollektsioon","7":"product_cat-kingid","8":"product_cat-kureeritud-kingiideed","9":"product_cat-fotografiska-sinu-kodus","10":"product_cat-elustiil","11":"product_tag-kandik","12":"product_tag-tammepuit","14":"first","15":"instock","16":"taxable","17":"shipping-taxable","18":"purchasable","19":"product-type-simple"},"acf":[],"_links":{"self":[{"href":"https:\/\/www.fotografiska.ee\/epood\/wp-json\/wp\/v2\/product\/12991","targetHints":{"allow":["GET"]}}],"collection":[{"href":"https:\/\/www.fotografiska.ee\/epood\/wp-json\/wp\/v2\/product"}],"about":[{"href":"https:\/\/www.fotografiska.ee\/epood\/wp-json\/wp\/v2\/types\/product"}],"wp:featuredmedia":[{"embeddable":true,"href":"https:\/\/www.fotografiska.ee\/epood\/wp-json\/wp\/v2\/media\/12982"}],"wp:attachment":[{"href":"https:\/\/www.fotografiska.ee\/epood\/wp-json\/wp\/v2\/media?parent=12991"}],"wp:term":[{"taxonomy":"product_brand","embeddable":true,"href":"https:\/\/www.fotografiska.ee\/epood\/wp-json\/wp\/v2\/product_brand?post=12991"},{"taxonomy":"product_cat","embeddable":true,"href":"https:\/\/www.fotografiska.ee\/epood\/wp-json\/wp\/v2\/product_cat?post=12991"},{"taxonomy":"product_tag","embeddable":true,"href":"https:\/\/www.fotografiska.ee\/epood\/wp-json\/wp\/v2\/product_tag?post=12991"}],"curies":[{"name":"wp","href":"https:\/\/api.w.org\/{rel}","templated":true}]}}